{"id":29,"date":"2022-12-29T10:13:57","date_gmt":"2022-12-29T09:13:57","guid":{"rendered":"http:\/\/deutscher-schaeferhund.ch\/?page_id=29"},"modified":"2023-09-13T16:18:56","modified_gmt":"2023-09-13T14:18:56","slug":"uber-uns","status":"publish","type":"page","link":"https:\/\/deutscher-schaeferhund.ch\/index.php\/uber-uns\/","title":{"rendered":"\u00dcber uns"},"content":{"rendered":"\n<figure class=\"wp-block-gallery has-nested-images columns-default is-cropped wp-block-gallery-1 is-layout-flex wp-block-gallery-is-layout-flex\"><\/figure>\n\n\n\n<figure class=\"wp-block-image size-large is-resized\"><img loading=\"lazy\" decoding=\"async\" src=\"https:\/\/deutscher-schaeferhund.ch\/wp-content\/uploads\/2023\/09\/3fb353be-2d56-47c8-9099-783345f33ab9-768x1024.jpg\" alt=\"\" class=\"wp-image-3258\" style=\"width:431px;height:574px\" width=\"431\" height=\"574\" srcset=\"https:\/\/deutscher-schaeferhund.ch\/wp-content\/uploads\/2023\/09\/3fb353be-2d56-47c8-9099-783345f33ab9-768x1024.jpg 768w, https:\/\/deutscher-schaeferhund.ch\/wp-content\/uploads\/2023\/09\/3fb353be-2d56-47c8-9099-783345f33ab9-225x300.jpg 225w, https:\/\/deutscher-schaeferhund.ch\/wp-content\/uploads\/2023\/09\/3fb353be-2d56-47c8-9099-783345f33ab9-1152x1536.jpg 1152w, https:\/\/deutscher-schaeferhund.ch\/wp-content\/uploads\/2023\/09\/3fb353be-2d56-47c8-9099-783345f33ab9.jpg 1536w\" sizes=\"auto, (max-width: 431px) 100vw, 431px\" \/><\/figure>\n\n\n\n<h2 class=\"wp-block-heading\">Noldi Keller<\/h2>\n\n\n\n<p><\/p>\n\n\n\n<p>Als j\u00fcngster Sohn von Werner und Gertrud Keller bin ich sehr fr\u00fch in die Fussstapfen meines Vaters getreten. Ich bin mit Hunden gross geworden und lernte schon sehr fr\u00fch, das Wesen und die Vorz\u00fcge des Deutschen Sch\u00e4ferhund kennen.Bereits mit 9 Jahren absolvierte ich die ersten Hundesportpr\u00fcfungen.Ich habe mehrere Hunde in der Klasse IGP 3 und VPG ausgebildet und an mehreren grossen Ausscheidungen teilgenommen.<\/p>\n\n\n\n<ul class=\"wp-block-list\">\n<li>1971 als 9-j\u00e4hriger tritt ich in den Hundesport Rhein ein<\/li>\n\n\n\n<li>1984 bis 1997 amtierte ich als Schutzhelfer im Hundesport Rhein<\/li>\n\n\n\n<li>1995 bis 1997 1. \u00dcbungsleiter im Hundesport Rhein, sowie Leiter von Erziehungskursen und Pr\u00fcfungen<\/li>\n\n\n\n<li>1996 j\u00fcngster Veteran und Ehrenmitglied im Hundesport Rhein<\/li>\n\n\n\n<li>Ab 1997 Kynologische Beratungsstelle s\u00e4mtlicher Hunderassen. Ausbildung der eigenen Zuchttiere im gesammten Arbeitsbereich<\/li>\n\n\n\n<li>2001 bis 2004 Ausbildung zum Wesensrichter<\/li>\n\n\n\n<li>2004 Wesensrichter &nbsp;des Deutschen Sch\u00e4ferhund SC, Ausbildung der eigenen Zuchth\u00fcndinnen, aktiver Hundesport<\/li>\n\n\n\n<li>2009 SKN Instruktor vom SC &#8211; Schweiz.Linzenszierter Vereinshelfer<\/li>\n\n\n\n<li>2010 Instruktor f\u00fcr Gewerbsm\u00e4ssige Hundez\u00fcchter<\/li>\n\n\n\n<li>2010 Tierschutzbeauftragter der Gemeinde St. Margrethen<\/li>\n\n\n\n<li>2013 Betreuer von Tierheimen mit maximal 19 Pflegepl\u00e4tzen<\/li>\n\n\n\n<li>2013 Ausbildung zum Dog-Didact, Welpen und Junghunde Pr\u00e4gungsleiter<\/li>\n\n\n\n<li>2023 Pr\u00e4sident Hundesport Rhein, St. Margrethen<\/li>\n<\/ul>\n\n\n\n<figure class=\"wp-block-gallery has-nested-images columns-default is-cropped wp-block-gallery-2 is-layout-flex wp-block-gallery-is-layout-flex\">\n<figure class=\"wp-block-image size-large\"><img loading=\"lazy\" decoding=\"async\" width=\"888\" height=\"1024\" data-id=\"2961\" src=\"http:\/\/deutscher-schaeferhund.ch\/wp-content\/uploads\/2023\/03\/A7692BDC-416F-4808-8EC3-6442159D16C5.JPG-1-888x1024.jpg\" alt=\"\" class=\"wp-image-2961\" srcset=\"https:\/\/deutscher-schaeferhund.ch\/wp-content\/uploads\/2023\/03\/A7692BDC-416F-4808-8EC3-6442159D16C5.JPG-1-888x1024.jpg 888w, https:\/\/deutscher-schaeferhund.ch\/wp-content\/uploads\/2023\/03\/A7692BDC-416F-4808-8EC3-6442159D16C5.JPG-1-260x300.jpg 260w, https:\/\/deutscher-schaeferhund.ch\/wp-content\/uploads\/2023\/03\/A7692BDC-416F-4808-8EC3-6442159D16C5.JPG-1-768x886.jpg 768w, https:\/\/deutscher-schaeferhund.ch\/wp-content\/uploads\/2023\/03\/A7692BDC-416F-4808-8EC3-6442159D16C5.JPG-1-1332x1536.jpg 1332w, https:\/\/deutscher-schaeferhund.ch\/wp-content\/uploads\/2023\/03\/A7692BDC-416F-4808-8EC3-6442159D16C5.JPG-1-1776x2048.jpg 1776w\" sizes=\"auto, (max-width: 888px) 100vw, 888px\" \/><\/figure>\n\n\n\n<figure class=\"wp-block-image size-large\"><img decoding=\"async\" data-id=\"2967\" src=\"http:\/\/deutscher-schaeferhund.ch\/wp-content\/uploads\/2023\/03\/47369.jpg\" alt=\"\" class=\"wp-image-2967\"\/><\/figure>\n\n\n\n<figure class=\"wp-block-image size-large\"><img loading=\"lazy\" decoding=\"async\" width=\"1453\" height=\"1938\" data-id=\"2985\" src=\"http:\/\/deutscher-schaeferhund.ch\/wp-content\/uploads\/2023\/03\/9916.JPG-edited.jpg\" alt=\"\" class=\"wp-image-2985\" srcset=\"https:\/\/deutscher-schaeferhund.ch\/wp-content\/uploads\/2023\/03\/9916.JPG-edited.jpg 1453w, https:\/\/deutscher-schaeferhund.ch\/wp-content\/uploads\/2023\/03\/9916.JPG-edited-225x300.jpg 225w, https:\/\/deutscher-schaeferhund.ch\/wp-content\/uploads\/2023\/03\/9916.JPG-edited-768x1024.jpg 768w, https:\/\/deutscher-schaeferhund.ch\/wp-content\/uploads\/2023\/03\/9916.JPG-edited-1152x1536.jpg 1152w\" sizes=\"auto, (max-width: 1453px) 100vw, 1453px\" \/><\/figure>\n<\/figure>\n\n\n\n<p><\/p>\n\n\n\n<h2 class=\"wp-block-heading\">Priska Kunz<\/h2>\n\n\n\n<p>Ich bin in einer Hundezucht und mit Pferden auf einem Bauernhof aufgewachsen. Mit meinem Cocker- Spaniel Babsy aus unserer Zucht besuchte ich als Kind regelm\u00e4ssig das Agility Training. <\/p>\n\n\n\n<ul class=\"wp-block-list\">\n<li>Im Jahr 2004 kaufte ich mir den Mischling Rambo. Mit ihm startete ich in der Klasse BH I, IBGH I &#8211; III<\/li>\n\n\n\n<li>Im Jahr 2011 wurde meine Deutsche Sch\u00e4ferh\u00fcndin Gsioux v.d Bruggm\u00fchle geboren. Mit 12 Monaten haben wir die Wesenspr\u00fcfung in Gentelino mit Erfolg bestanden. Bald darauf absolvierten wir die BH- VT, darauf folgten IGP I &#8211; III sowie die IFH I &#8211; II.Ich selber habe mich auch weitergebildet.<\/li>\n\n\n\n<li>2007 wurde ich Mitglied beim SC OG Altst\u00e4tten wo ich anschliessend <\/li>\n\n\n\n<li>2008 und 2009 im Vorstand als Aktuarin t\u00e4tig war.<\/li>\n\n\n\n<li>2009 Ausbildung bei der SC Akademie als SKN Expertin.<\/li>\n\n\n\n<li>2009 &#8211; 2016 Leiterin von SKN Pflicht &#8211; Kursen.<\/li>\n\n\n\n<li>2010 und 2011 Haupt\u00fcbungsleiterin bei der SC OG Altst\u00e4tten.<\/li>\n\n\n\n<li>2010 Ausbildung zur Gewerbsm\u00e4ssigen Z\u00fcchterin.<\/li>\n\n\n\n<li>2013 Ausbildung zur Betreuerin von Tierheimen mit max. 19 Pflegepl\u00e4tzen.2013 Ausbildung zur Dog &#8211; Didact. Welpen und Junghunde Pr\u00e4gungsleiterin.<\/li>\n\n\n\n<li>2014 Haupt\u00fcbungsleiterin im Hundesport Rhein.<\/li>\n<\/ul>\n\n\n\n<figure class=\"wp-block-gallery has-nested-images columns-default is-cropped wp-block-gallery-3 is-layout-flex wp-block-gallery-is-layout-flex\">\n<figure class=\"wp-block-image size-large\"><img loading=\"lazy\" decoding=\"async\" width=\"731\" height=\"1024\" data-id=\"2963\" src=\"http:\/\/deutscher-schaeferhund.ch\/wp-content\/uploads\/2023\/03\/C457AE0B-8E26-4C54-9859-30503770F37D.JPG-1-731x1024.jpg\" alt=\"\" class=\"wp-image-2963\" srcset=\"https:\/\/deutscher-schaeferhund.ch\/wp-content\/uploads\/2023\/03\/C457AE0B-8E26-4C54-9859-30503770F37D.JPG-1-731x1024.jpg 731w, https:\/\/deutscher-schaeferhund.ch\/wp-content\/uploads\/2023\/03\/C457AE0B-8E26-4C54-9859-30503770F37D.JPG-1-214x300.jpg 214w, https:\/\/deutscher-schaeferhund.ch\/wp-content\/uploads\/2023\/03\/C457AE0B-8E26-4C54-9859-30503770F37D.JPG-1-768x1075.jpg 768w, https:\/\/deutscher-schaeferhund.ch\/wp-content\/uploads\/2023\/03\/C457AE0B-8E26-4C54-9859-30503770F37D.JPG-1-1097x1536.jpg 1097w, https:\/\/deutscher-schaeferhund.ch\/wp-content\/uploads\/2023\/03\/C457AE0B-8E26-4C54-9859-30503770F37D.JPG-1-1463x2048.jpg 1463w, https:\/\/deutscher-schaeferhund.ch\/wp-content\/uploads\/2023\/03\/C457AE0B-8E26-4C54-9859-30503770F37D.JPG-1-scaled.jpg 1829w\" sizes=\"auto, (max-width: 731px) 100vw, 731px\" \/><\/figure>\n\n\n\n<figure class=\"wp-block-image size-large\"><img loading=\"lazy\" decoding=\"async\" width=\"726\" height=\"484\" data-id=\"83\" src=\"http:\/\/deutscher-schaeferhund.ch\/wp-content\/uploads\/2022\/12\/von-der-brueggmuehle-priska2.jpeg\" alt=\"\" class=\"wp-image-83\" srcset=\"https:\/\/deutscher-schaeferhund.ch\/wp-content\/uploads\/2022\/12\/von-der-brueggmuehle-priska2.jpeg 726w, https:\/\/deutscher-schaeferhund.ch\/wp-content\/uploads\/2022\/12\/von-der-brueggmuehle-priska2-300x200.jpeg 300w, https:\/\/deutscher-schaeferhund.ch\/wp-content\/uploads\/2022\/12\/von-der-brueggmuehle-priska2-421x281.jpeg 421w\" sizes=\"auto, (max-width: 726px) 100vw, 726px\" \/><\/figure>\n\n\n\n<figure class=\"wp-block-image size-large\"><img loading=\"lazy\" decoding=\"async\" width=\"426\" height=\"570\" data-id=\"84\" src=\"http:\/\/deutscher-schaeferhund.ch\/wp-content\/uploads\/2022\/12\/von-der-brueggmuehle-priska1.jpg\" alt=\"\" class=\"wp-image-84\" srcset=\"https:\/\/deutscher-schaeferhund.ch\/wp-content\/uploads\/2022\/12\/von-der-brueggmuehle-priska1.jpg 426w, https:\/\/deutscher-schaeferhund.ch\/wp-content\/uploads\/2022\/12\/von-der-brueggmuehle-priska1-224x300.jpg 224w\" sizes=\"auto, (max-width: 426px) 100vw, 426px\" \/><\/figure>\n\n\n\n<figure class=\"wp-block-image size-large\"><img loading=\"lazy\" decoding=\"async\" width=\"726\" height=\"997\" data-id=\"82\" src=\"http:\/\/deutscher-schaeferhund.ch\/wp-content\/uploads\/2022\/12\/von-der-brueggmuehle-priska3.jpeg\" alt=\"\" class=\"wp-image-82\" srcset=\"https:\/\/deutscher-schaeferhund.ch\/wp-content\/uploads\/2022\/12\/von-der-brueggmuehle-priska3.jpeg 726w, https:\/\/deutscher-schaeferhund.ch\/wp-content\/uploads\/2022\/12\/von-der-brueggmuehle-priska3-218x300.jpeg 218w\" sizes=\"auto, (max-width: 726px) 100vw, 726px\" \/><\/figure>\n\n\n\n<figure class=\"wp-block-image size-large\"><img loading=\"lazy\" decoding=\"async\" width=\"726\" height=\"484\" data-id=\"80\" src=\"http:\/\/deutscher-schaeferhund.ch\/wp-content\/uploads\/2022\/12\/von-der-brueggmuehle-priska5.jpeg\" alt=\"\" class=\"wp-image-80\" srcset=\"https:\/\/deutscher-schaeferhund.ch\/wp-content\/uploads\/2022\/12\/von-der-brueggmuehle-priska5.jpeg 726w, https:\/\/deutscher-schaeferhund.ch\/wp-content\/uploads\/2022\/12\/von-der-brueggmuehle-priska5-300x200.jpeg 300w, https:\/\/deutscher-schaeferhund.ch\/wp-content\/uploads\/2022\/12\/von-der-brueggmuehle-priska5-421x281.jpeg 421w\" sizes=\"auto, (max-width: 726px) 100vw, 726px\" \/><\/figure>\n\n\n\n<figure class=\"wp-block-image size-large\"><img loading=\"lazy\" decoding=\"async\" width=\"726\" height=\"968\" data-id=\"79\" src=\"http:\/\/deutscher-schaeferhund.ch\/wp-content\/uploads\/2022\/12\/von-der-brueggmuehle-priska6.jpeg\" alt=\"\" class=\"wp-image-79\" srcset=\"https:\/\/deutscher-schaeferhund.ch\/wp-content\/uploads\/2022\/12\/von-der-brueggmuehle-priska6.jpeg 726w, https:\/\/deutscher-schaeferhund.ch\/wp-content\/uploads\/2022\/12\/von-der-brueggmuehle-priska6-225x300.jpeg 225w\" sizes=\"auto, (max-width: 726px) 100vw, 726px\" \/><\/figure>\n\n\n\n<figure class=\"wp-block-image size-large\"><img loading=\"lazy\" decoding=\"async\" width=\"726\" height=\"484\" data-id=\"77\" src=\"http:\/\/deutscher-schaeferhund.ch\/wp-content\/uploads\/2022\/12\/von-der-brueggmuehle-priska8.jpeg\" alt=\"\" class=\"wp-image-77\" srcset=\"https:\/\/deutscher-schaeferhund.ch\/wp-content\/uploads\/2022\/12\/von-der-brueggmuehle-priska8.jpeg 726w, https:\/\/deutscher-schaeferhund.ch\/wp-content\/uploads\/2022\/12\/von-der-brueggmuehle-priska8-300x200.jpeg 300w, https:\/\/deutscher-schaeferhund.ch\/wp-content\/uploads\/2022\/12\/von-der-brueggmuehle-priska8-421x281.jpeg 421w\" sizes=\"auto, (max-width: 726px) 100vw, 726px\" \/><\/figure>\n<\/figure>\n\n\n\n<h2 class=\"wp-block-heading\"><\/h2>\n","protected":false},"excerpt":{"rendered":"<p>Noldi Keller Als j\u00fcngster Sohn von Werner und Gertrud Keller bin ich sehr fr\u00fch in die Fussstapfen meines Vaters getreten. Ich bin mit Hunden gross &hellip;<\/p>\n","protected":false},"author":1,"featured_media":0,"parent":0,"menu_order":0,"comment_status":"closed","ping_status":"closed","template":"","meta":{"footnotes":""},"class_list":["post-29","page","type-page","status-publish","hentry"],"_links":{"self":[{"href":"https:\/\/deutscher-schaeferhund.ch\/index.php\/wp-json\/wp\/v2\/pages\/29","targetHints":{"allow":["GET"]}}],"collection":[{"href":"https:\/\/deutscher-schaeferhund.ch\/index.php\/wp-json\/wp\/v2\/pages"}],"about":[{"href":"https:\/\/deutscher-schaeferhund.ch\/index.php\/wp-json\/wp\/v2\/types\/page"}],"author":[{"embeddable":true,"href":"https:\/\/deutscher-schaeferhund.ch\/index.php\/wp-json\/wp\/v2\/users\/1"}],"replies":[{"embeddable":true,"href":"https:\/\/deutscher-schaeferhund.ch\/index.php\/wp-json\/wp\/v2\/comments?post=29"}],"version-history":[{"count":22,"href":"https:\/\/deutscher-schaeferhund.ch\/index.php\/wp-json\/wp\/v2\/pages\/29\/revisions"}],"predecessor-version":[{"id":3266,"href":"https:\/\/deutscher-schaeferhund.ch\/index.php\/wp-json\/wp\/v2\/pages\/29\/revisions\/3266"}],"wp:attachment":[{"href":"https:\/\/deutscher-schaeferhund.ch\/index.php\/wp-json\/wp\/v2\/media?parent=29"}],"curies":[{"name":"wp","href":"https:\/\/api.w.org\/{rel}","templated":true}]}}